[Wed Apr 15 18:01:54.395921 2026] [proxy_fcgi:error] [pid 30497:tid 30529] [client 20.203.253.182:29696] AH01071: Got error 'Primary script unknown\n'
[Wed Apr 15 18:01:54.889942 2026] [security2:error] [pid 30499:tid 30608] [client 23.21.228.180:50457] ModSecurity: Access denied with code 429 (phase 2). String match "1" at TX:bot_block. [file "/etc/apache2/conf.d/imh-modsec/19_bad_bots.conf"] [line "96"] [id "13076"] [msg "BOT RATELIMITED per-bot limit: amazonbot for verbumnetworks.net"] [hostname "verbumnetworks.net"] [uri "/index.php/chocolateshop.hakata/admin/admin/assets/icon_png/productimage/assets/icon_png/productimage/assets/icon_png/assets/icon_png/blogimage/admin/product.php"] [unique_id "aeA1AgQzMRFmEWcWheQorQAAAME"]
[Wed Apr 15 18:01:55.163163 2026] [proxy_fcgi:error] [pid 30497:tid 30550] [client 20.203.253.182:5080] AH01071: Got error 'Primary script unknown\n'
[Wed Apr 15 18:01:55.779091 2026] [security2:error] [pid 30663:tid 30742] [client 52.7.13.143:2750] ModSecurity: Access denied with code 429 (phase 2). String match "1" at TX:bot_block. [file "/etc/apache2/conf.d/imh-modsec/19_bad_bots.conf"] [line "96"] [id "13076"] [msg "BOT RATELIMITED per-bot limit: amazonbot for dominicaninstitute.edu.ng"] [hostname "dominicaninstitute.edu.ng"] [uri "/configCRS/Jump/0-edesarpi/yorubaresources/uploads/ALFA_DATA/cgialfa/alfasymlink/alfapysymlink.txt/proc/self/cwd/proc/self/root/proc/3/root/opt/backups/cwp_admin/ajax.php"] [unique_id "aeA1A9w-ztMejiFlfgwa7AAAAcA"]
[Wed Apr 15 18:01:56.001996 2026] [proxy_fcgi:error] [pid 30498:tid 30640] [client 20.203.253.182:29721] AH01071: Got error 'Primary script unknown\n'
[Wed Apr 15 18:01:56.818952 2026] [proxy_fcgi:error] [pid 30663:tid 30765] [client 20.203.253.182:57675] AH01071: Got error 'Primary script unknown\n'
[Wed Apr 15 18:01:58.033497 2026] [security2:error] [pid 30498:tid 30629] [client 44.209.35.147:33131] ModSecurity: Access denied with code 429 (phase 2). String match "1" at TX:bot_block. [file "/etc/apache2/conf.d/imh-modsec/19_bad_bots.conf"] [line "96"] [id "13076"] [msg "BOT RATELIMITED per-bot limit: amazonbot for icmcs.org"] [hostname "icmcs.org"] [uri "/index.php/2023/06/21/ways-to-know-when-a-russian-gentleman-likes-you/images/icons/images/resource/images/icons/about"] [unique_id "aeA1BmO5uuBYcOS8ZrlmdAAAAA0"]
[Wed Apr 15 18:01:58.106821 2026] [proxy_fcgi:error] [pid 30662:tid 30724] [client 103.30.183.162:40346] AH01071: Got error 'Primary script unknown\n'
[Wed Apr 15 18:01:58.506721 2026] [proxy_fcgi:error] [pid 30497:tid 30533] [client 20.203.253.182:32065] AH01071: Got error 'Primary script unknown\n'
[Wed Apr 15 18:01:58.603957 2026] [security2:error] [pid 30662:tid 30726] [client 35.171.117.160:61965] ModSecurity: Access denied with code 429 (phase 2). String match "1" at TX:bot_block. [file "/etc/apache2/conf.d/imh-modsec/19_bad_bots.conf"] [line "96"] [id "13076"] [msg "BOT RATELIMITED per-bot limit: amazonbot for verbumnetworks.net"] [hostname "verbumnetworks.net"] [uri "/index.php/chocolateshop.hakata/admin/admin/assets/icon_png/productimage/blogimage/assets/img/brand/productimage/assets/icon_png/productimage/blogimage/blogimage/blogimage/admin/productimage/assets/icon_png/profile.php"] [unique_id "aeA1BgjIULPG3KiZraGWJwAAAQ8"]
[Wed Apr 15 18:01:59.585228 2026] [proxy_fcgi:error] [pid 30499:tid 30648] [client 20.203.253.182:32117] AH01071: Got error 'Primary script unknown\n'
[Wed Apr 15 18:01:59.592731 2026] [security2:error] [pid 30497:tid 30542] [client 98.84.60.17:29927] ModSecurity: Access denied with code 429 (phase 2). String match "1" at TX:bot_block. [file "/etc/apache2/conf.d/imh-modsec/19_bad_bots.conf"] [line "96"] [id "13076"] [msg "BOT RATELIMITED per-bot limit: amazonbot for dominicaninstitute.edu.ng"] [hostname "dominicaninstitute.edu.ng"] [uri "/configCRS/Jump/0-edesarpi/yorubaresources/uploads/ALFA_DATA/cgialfa/alfasymlink/alfapysymlink.txt/proc/self/cwd/proc/self/root/proc/3/task/3/root/sys/module/nf_log_ipv6/"] [unique_id "aeA1BwGbJZ4256DZApnQCwAAAVA"]
[Wed Apr 15 18:02:00.390251 2026] [proxy_fcgi:error] [pid 30499:tid 30618] [client 20.203.253.182:10477] AH01071: Got error 'Primary script unknown\n'
[Wed Apr 15 18:02:01.188370 2026] [proxy_fcgi:error] [pid 30498:tid 30644] [client 20.203.253.182:48061] AH01071: Got error 'Primary script unknown\n'
[Wed Apr 15 18:02:01.719347 2026] [security2:error] [pid 30498:tid 30564] [remote 57.141.6.14:54555] ModSecurity: Access denied with code 429 (phase 2). String match "1" at TX:bot_block. [file "/etc/apache2/conf.d/imh-modsec/19_bad_bots.conf"] [line "96"] [id "13076"] [msg "BOT RATELIMITED per-bot limit: meta_externalagent for umuahiadiocese.org"] [hostname "umuahiadiocese.org"] [uri "/"] [unique_id "aeA1CWO5uuBYcOS8ZrlmeAAACAg"]
[Wed Apr 15 18:02:01.995274 2026] [proxy_fcgi:error] [pid 30499:tid 30632] [client 20.203.253.182:32082] AH01071: Got error 'Primary script unknown\n'
[Wed Apr 15 18:02:02.204102 2026] [security2:error] [pid 30497:tid 30534] [client 34.224.9.144:28071] ModSecurity: Access denied with code 429 (phase 2). String match "1" at TX:bot_block. [file "/etc/apache2/conf.d/imh-modsec/19_bad_bots.conf"] [line "96"] [id "13076"] [msg "BOT RATELIMITED per-bot limit: amazonbot for icmcs.org"] [hostname "icmcs.org"] [uri "/index.php/2022/10/28/the-particular-a-good-online-dater/images/resource/images/resource/images/images/icons/"] [unique_id "aeA1CgGbJZ4256DZApnQDgAAAUg"]
[Wed Apr 15 18:02:02.610442 2026] [security2:error] [pid 30498:tid 30638] [client 54.225.81.20:50778] ModSecurity: Access denied with code 429 (phase 2). String match "1" at TX:bot_block. [file "/etc/apache2/conf.d/imh-modsec/19_bad_bots.conf"] [line "96"] [id "13076"] [msg "BOT RATELIMITED per-bot limit: amazonbot for verbumnetworks.net"] [hostname "verbumnetworks.net"] [uri "/index.php/chocolateshop.hakata/admin/admin/assets/icon_png/assets/img/brand/blogimage/assets/icon_png/blogimage/productimage/assets/img/brand/mission.php"] [unique_id "aeA1CmO5uuBYcOS8ZrlmeQAAABE"]
[Wed Apr 15 18:02:02.837317 2026] [proxy_fcgi:error] [pid 30499:tid 30650] [client 20.203.253.182:47445] AH01071: Got error 'Primary script unknown\n'
[Wed Apr 15 18:02:03.799251 2026] [security2:error] [pid 30499:tid 30641] [client 184.73.195.18:15868] ModSecurity: Access denied with code 429 (phase 2). String match "1" at TX:bot_block. [file "/etc/apache2/conf.d/imh-modsec/19_bad_bots.conf"] [line "96"] [id "13076"] [msg "BOT RATELIMITED per-bot limit: amazonbot for dominicaninstitute.edu.ng"] [hostname "dominicaninstitute.edu.ng"] [uri "/configCRS/Jump/0-edesarpi/yorubaresources/uploads/ALFA_DATA/alfasymlink/root/proc/3/cwd/usr/local/ssl/local/ssl/include/c++/4.8.2/academic-board-philosophy.php"] [unique_id "aeA1CwQzMRFmEWcWheQoxAAAANI"]
[Wed Apr 15 18:02:04.379346 2026] [proxy_fcgi:error] [pid 30662:tid 30730] [client 20.203.253.182:4533] AH01071: Got error 'Primary script unknown\n'
[Wed Apr 15 18:02:04.768339 2026] [proxy_fcgi:error] [pid 30497:tid 30546] [client 103.30.183.162:56182] AH01071: Got error 'Primary script unknown\n'
[Wed Apr 15 18:02:05.162140 2026] [proxy_fcgi:error] [pid 30497:tid 30535] [client 20.203.253.182:52075] AH01071: Got error 'Primary script unknown\n'
[Wed Apr 15 18:02:05.224411 2026] [security2:error] [pid 30662:tid 30679] [remote 74.7.242.20:36566] ModSecurity: Access denied with code 429 (phase 2). String match "1" at TX:bot_block. [file "/etc/apache2/conf.d/imh-modsec/19_bad_bots.conf"] [line "96"] [id "13076"] [msg "BOT RATELIMITED per-bot limit: gptbot for www.gra-ng.com"] [hostname "www.gra-ng.com"] [uri "/_next/static/chunks/blogimage/css/css/css/blogimage/propertyimage/js/images/gallery/js/gallery/images/js/"] [unique_id "aeA1DQjIULPG3KiZraGWLgABBA8"], referer: https://www.gra-ng.com/_next/static/chunks/blogimage/css/css/css/blogimage/propertyimage/js/images/gallery/js/gallery/images/js/revolution.extension.layeranimation.min.js
[Wed Apr 15 18:02:05.982369 2026] [proxy_fcgi:error] [pid 30497:tid 30549] [client 20.203.253.182:41426] AH01071: Got error 'Primary script unknown\n'
[Wed Apr 15 18:02:06.013370 2026] [security2:error] [pid 30662:tid 30703] [client 18.215.49.176:3322] ModSecurity: Access denied with code 429 (phase 2). String match "1" at TX:bot_block. [file "/etc/apache2/conf.d/imh-modsec/19_bad_bots.conf"] [line "96"] [id "13076"] [msg "BOT RATELIMITED per-bot limit: amazonbot for icmcs.org"] [hostname "icmcs.org"] [uri "/index.php/2023/05/18/the-legalities-of-online-gambling-real-money/images/images/icons/images/resource/images/icons/contact"] [unique_id "aeA1DgjIULPG3KiZraGWLwAAAQM"]
[Wed Apr 15 18:02:06.684239 2026] [security2:error] [pid 30497:tid 30544] [client 34.195.248.30:60837] ModSecurity: Access denied with code 429 (phase 2). String match "1" at TX:bot_block. [file "/etc/apache2/conf.d/imh-modsec/19_bad_bots.conf"] [line "96"] [id "13076"] [msg "BOT RATELIMITED per-bot limit: amazonbot for verbumnetworks.net"] [hostname "verbumnetworks.net"] [uri "/index.php/chocolateshop.hakata/admin/admin/assets/icon_png/assets/icon_png/assets/icon_png/productimage/productimage/blogimage/blogimage/blogimage/productimage/blogimage/assets/icon_png/admin/product.php"] [unique_id "aeA1DgGbJZ4256DZApnQEwAAAVI"]
[Wed Apr 15 18:02:06.771320 2026] [proxy_fcgi:error] [pid 30662:tid 30732] [client 20.203.253.182:10446] AH01071: Got error 'Primary script unknown\n'
[Wed Apr 15 18:02:07.547161 2026] [proxy_fcgi:error] [pid 30662:tid 30701] [client 20.203.253.182:4542] AH01071: Got error 'Primary script unknown\n'
[Wed Apr 15 18:02:07.784877 2026] [security2:error] [pid 30663:tid 30758] [client 44.217.255.167:52287] ModSecurity: Access denied with code 429 (phase 2). String match "1" at TX:bot_block. [file "/etc/apache2/conf.d/imh-modsec/19_bad_bots.conf"] [line "96"] [id "13076"] [msg "BOT RATELIMITED per-bot limit: amazonbot for dominicaninstitute.edu.ng"] [hostname "dominicaninstitute.edu.ng"] [uri "/configCRS/Jump/0-edesarpi/yorubaresources/uploads/ALFA_DATA/cgialfa/alfasymlink/alfapysymlink.txt/proc/self/cwd/proc/self/root/proc/3/task/3/cwd/proc/3/task/3/root/opt/cpanel/ea-wappspector/"] [unique_id "aeA1D9w-ztMejiFlfgwbegAAAdA"]
[Wed Apr 15 18:02:08.353441 2026] [proxy_fcgi:error] [pid 30499:tid 30614] [client 20.203.253.182:48043] AH01071: Got error 'Primary script unknown\n'
[Wed Apr 15 18:02:08.646446 2026] [security2:error] [pid 30662:tid 30669] [remote 74.7.243.240:48650] ModSecurity: Access denied with code 429 (phase 2). String match "1" at TX:bot_block. [file "/etc/apache2/conf.d/imh-modsec/19_bad_bots.conf"] [line "96"] [id "13076"] [msg "BOT RATELIMITED per-bot limit: gptbot for www.verbumnetworks.net"] [hostname "www.verbumnetworks.net"] [uri "/index.php/lestroischocolats/admin/productimage/assets/uploads/video/assets/js/assets/js/icon_png/blogimage/uploads/video/icon_png/icon_png/web-and-software-development.php"] [unique_id "aeA1EAjIULPG3KiZraGWMwABBQU"], referer: https://www.verbumnetworks.net/index.php/lestroischocolats/admin/productimage/assets/uploads/video/assets/js/assets/js/icon_png/blogimage/uploads/video/icon_png/icon_png/satellite-dish.png
[Wed Apr 15 18:02:09.110408 2026] [proxy_fcgi:error] [pid 30499:tid 30652] [client 20.203.253.182:48059] AH01071: Got error 'Primary script unknown\n'
[Wed Apr 15 18:02:09.228586 2026] [security2:error] [pid 30497:tid 30518] [remote 57.141.6.4:49818] ModSecurity: Access denied with code 429 (phase 2). String match "1" at TX:bot_block. [file "/etc/apache2/conf.d/imh-modsec/19_bad_bots.conf"] [line "96"] [id "13076"] [msg "BOT RATELIMITED per-bot limit: meta_externalagent for www.dominicaninstitute.edu.ng"] [hostname "www.dominicaninstitute.edu.ng"] [uri "/images/gallery/bypavfg.php"] [unique_id "aeA1EQGbJZ4256DZApnQFwABTxI"]
[Wed Apr 15 18:02:09.541359 2026] [proxy_fcgi:error] [pid 30663:tid 30762] [client 103.30.183.162:56184] AH01071: Got error 'Primary script unknown\n'
[Wed Apr 15 18:02:09.942144 2026] [security2:error] [pid 30663:tid 30692] [remote 74.7.241.38:39300] ModSecurity: Access denied with code 429 (phase 2). String match "1" at TX:bot_block. [file "/etc/apache2/conf.d/imh-modsec/19_bad_bots.conf"] [line "96"] [id "13076"] [msg "BOT RATELIMITED per-bot limit: gptbot for gra-ng.com"] [hostname "gra-ng.com"] [uri "/vendor/kraksoft/colorbox/js/propertyimage/images/slides/gallery/css/gallery/blogimage/images/gallery/js/revolution.extension.actions.min.js"] [unique_id "aeA1Edw-ztMejiFlfgwblQABwwI"], referer: https://gra-ng.com/vendor/kraksoft/colorbox/js/propertyimage/images/slides/gallery/css/gallery/blogimage/images/gallery/news.php
[Wed Apr 15 18:02:09.964442 2026] [proxy_fcgi:error] [pid 30498:tid 30625] [client 20.203.253.182:4120] AH01071: Got error 'Primary script unknown\n'
[Wed Apr 15 18:02:10.099728 2026] [security2:error] [pid 30499:tid 30612] [client 3.210.29.96:17035] ModSecurity: Access denied with code 429 (phase 2). String match "1" at TX:bot_block. [file "/etc/apache2/conf.d/imh-modsec/19_bad_bots.conf"] [line "96"] [id "13076"] [msg "BOT RATELIMITED per-bot limit: amazonbot for icmcs.org"] [hostname "icmcs.org"] [uri "/index.php/2023/10/08/choices-for-funding-small-business/images/images/icons/images/resource/images/icons/support"] [unique_id "aeA1EgQzMRFmEWcWheQo1wAAAMM"]
[Wed Apr 15 18:02:10.775974 2026] [proxy_fcgi:error] [pid 30499:tid 30616] [client 20.203.253.182:47435] AH01071: Got error 'Primary script unknown\n'
[Wed Apr 15 18:02:10.847279 2026] [security2:error] [pid 30498:tid 30627] [client 44.205.74.196:45539] ModSecurity: Access denied with code 429 (phase 2). String match "1" at TX:bot_block. [file "/etc/apache2/conf.d/imh-modsec/19_bad_bots.conf"] [line "96"] [id "13076"] [msg "BOT RATELIMITED per-bot limit: amazonbot for verbumnetworks.net"] [hostname "verbumnetworks.net"] [uri "/index.php/chocolateshop.hakata/admin/admin/assets/icon_png/assets/icon_png/productimage/assets/img/brand/productimage/productimage/admin/blogimage/admin/blogimage/assets/icon_png/product.php"] [unique_id "aeA1EmO5uuBYcOS8ZrlmgwAAAAw"]
[Wed Apr 15 18:02:11.596304 2026] [proxy_fcgi:error] [pid 30498:tid 30607] [client 20.203.253.182:46776] AH01071: Got error 'Primary script unknown\n'
[Wed Apr 15 18:02:11.798814 2026] [security2:error] [pid 30497:tid 30536] [client 18.204.89.56:43191] ModSecurity: Access denied with code 429 (phase 2). String match "1" at TX:bot_block. [file "/etc/apache2/conf.d/imh-modsec/19_bad_bots.conf"] [line "96"] [id "13076"] [msg "BOT RATELIMITED per-bot limit: amazonbot for dominicaninstitute.edu.ng"] [hostname "dominicaninstitute.edu.ng"] [uri "/configCRS/Jump/0-edesarpi/yorubaresources/uploads/ALFA_DATA/alfasymlink/root/proc/self/cwd/proc/2/root/proc/self/root/usr/share/doc/ctags-5.8/"] [unique_id "aeA1EwGbJZ4256DZApnQGgAAAUo"]
[Wed Apr 15 18:02:12.410390 2026] [proxy_fcgi:error] [pid 30498:tid 30651] [client 20.203.253.182:27644] AH01071: Got error 'Primary script unknown\n'
[Wed Apr 15 18:02:13.267019 2026] [proxy_fcgi:error] [pid 30662:tid 30699] [client 20.203.253.182:4104] AH01071: Got error 'Primary script unknown\n'
[Wed Apr 15 18:02:13.386489 2026] [security2:error] [pid 30663:tid 30729] [remote 74.7.242.20:49170] ModSecurity: Access denied with code 429 (phase 2). String match "1" at TX:bot_block. [file "/etc/apache2/conf.d/imh-modsec/19_bad_bots.conf"] [line "96"] [id "13076"] [msg "BOT RATELIMITED per-bot limit: gptbot for www.gra-ng.com"] [hostname "www.gra-ng.com"] [uri "/_next/static/chunks/blogimage/css/css/css/blogimage/propertyimage/js/images/gallery/js/gallery/gallery/"] [unique_id "aeA1Fdw-ztMejiFlfgwbvgABwBY"], referer: https://www.gra-ng.com/_next/static/chunks/blogimage/css/css/css/blogimage/propertyimage/js/images/gallery/js/gallery/gallery/photo1.jpg
[Wed Apr 15 18:02:14.087560 2026] [proxy_fcgi:error] [pid 30663:tid 30765] [client 20.203.253.182:41454] AH01071: Got error 'Primary script unknown\n'
[Wed Apr 15 18:02:14.368376 2026] [security2:error] [pid 30662:tid 30712] [client 44.217.177.142:43872] ModSecurity: Access denied with code 429 (phase 2). String match "1" at TX:bot_block. [file "/etc/apache2/conf.d/imh-modsec/19_bad_bots.conf"] [line "96"] [id "13076"] [msg "BOT RATELIMITED per-bot limit: amazonbot for icmcs.org"] [hostname "icmcs.org"] [uri "/index.php/2022/12/03/relationship-and-lifestyle/images/images/images/resource/images/icons/"] [unique_id "aeA1FgjIULPG3KiZraGWOQAAAQg"]
[Wed Apr 15 18:02:14.894104 2026] [security2:error] [pid 30499:tid 30626] [client 23.21.148.226:43724] ModSecurity: Access denied with code 429 (phase 2). String match "1" at TX:bot_block. [file "/etc/apache2/conf.d/imh-modsec/19_bad_bots.conf"] [line "96"] [id "13076"] [msg "BOT RATELIMITED per-bot limit: amazonbot for verbumnetworks.net"] [hostname "verbumnetworks.net"] [uri "/index.php/chocolateshop.hakata/admin/admin/productimage/productimage/blogimage/blogimage/assets/icon_png/productimage/blogimage/assets/icon_png/assets/img/brand/productimage/blogimage/admin/elibrary.php"] [unique_id "aeA1FgQzMRFmEWcWheQo3AAAAMo"]
[Wed Apr 15 18:02:15.181321 2026] [proxy_fcgi:error] [pid 30497:tid 30529] [client 20.203.253.182:5050] AH01071: Got error 'Primary script unknown\n'
[Wed Apr 15 18:02:15.732789 2026] [security2:error] [pid 30499:tid 30620] [client 54.166.104.83:60634] ModSecurity: Access denied with code 429 (phase 2). String match "1" at TX:bot_block. [file "/etc/apache2/conf.d/imh-modsec/19_bad_bots.conf"] [line "96"] [id "13076"] [msg "BOT RATELIMITED per-bot limit: amazonbot for dominicaninstitute.edu.ng"] [hostname "dominicaninstitute.edu.ng"] [uri "/configCRS/Jump/0-edesarpi/yorubaresources/uploads/ALFA_DATA/cgialfa/alfasymlink/alfapysymlink.txt/proc/self/cwd/proc/self/root/proc/3/task/3/root/sys/module/xt_state/"] [unique_id "aeA1FwQzMRFmEWcWheQo3QAAAMc"]
[Wed Apr 15 18:02:16.193719 2026] [proxy_fcgi:error] [pid 30497:tid 30527] [client 103.30.183.162:42374] AH01071: Got error 'Primary script unknown\n'
[Wed Apr 15 18:02:16.224155 2026] [proxy_fcgi:error] [pid 30663:tid 30761] [client 20.203.253.182:32564] AH01071: Got error 'Primary script unknown\n'
[Wed Apr 15 18:02:17.189720 2026] [proxy_fcgi:error] [pid 30662:tid 30717] [client 20.203.253.182:9318] AH01071: Got error 'Primary script unknown\n'
[Wed Apr 15 18:02:17.991162 2026] [proxy_fcgi:error] [pid 30498:tid 30647] [client 20.203.253.182:32055] AH01071: Got error 'Primary script unknown\n'
[Wed Apr 15 18:02:18.154913 2026] [security2:error] [pid 30499:tid 30608] [client 100.24.149.244:15569] ModSecurity: Access denied with code 429 (phase 2). String match "1" at TX:bot_block. [file "/etc/apache2/conf.d/imh-modsec/19_bad_bots.conf"] [line "96"] [id "13076"] [msg "BOT RATELIMITED per-bot limit: amazonbot for icmcs.org"] [hostname "icmcs.org"] [uri "/index.php/2023/02/11/the-challenges-of-dating-in-other-countries/images/resource/images/resource/images/icons/projects"] [unique_id "aeA1GgQzMRFmEWcWheQo3wAAAME"]
[Wed Apr 15 18:02:18.848816 2026] [security2:error] [pid 30499:tid 30635] [client 34.224.132.215:9741] ModSecurity: Access denied with code 429 (phase 2). String match "1" at TX:bot_block. [file "/etc/apache2/conf.d/imh-modsec/19_bad_bots.conf"] [line "96"] [id "13076"] [msg "BOT RATELIMITED per-bot limit: amazonbot for verbumnetworks.net"] [hostname "verbumnetworks.net"] [uri "/index.php/chocolateshop.hakata/admin/admin/productimage/productimage/blogimage/blogimage/blogimage/productimage/productimage/admin/admin/blogimage/assets/icon_png/assets/icon_png/mission.php"] [unique_id "aeA1GgQzMRFmEWcWheQo4AAAAM8"]
[Wed Apr 15 18:02:18.909267 2026] [proxy_fcgi:error] [pid 30497:tid 30533] [client 20.203.253.182:43577] AH01071: Got error 'Primary script unknown\n'
[Wed Apr 15 18:02:19.786518 2026] [proxy_fcgi:error] [pid 30499:tid 30637] [client 20.203.253.182:40688] AH01071: Got error 'Primary script unknown\n'
[Wed Apr 15 18:02:19.792502 2026] [security2:error] [pid 30497:tid 30542] [client 3.218.103.254:7648] ModSecurity: Access denied with code 429 (phase 2). String match "1" at TX:bot_block. [file "/etc/apache2/conf.d/imh-modsec/19_bad_bots.conf"] [line "96"] [id "13076"] [msg "BOT RATELIMITED per-bot limit: amazonbot for dominicaninstitute.edu.ng"] [hostname "dominicaninstitute.edu.ng"] [uri "/configCRS/Jump/0-edesarpi/yorubaresources/uploads/ALFA_DATA/cgialfa/alfasymlink/alfapysymlink.txt/proc/3/root/proc/self/cwd/proc/self/root/proc/3/root/lib64/perl5/vendor_perl/DBD/"] [unique_id "aeA1GwGbJZ4256DZApnQIgAAAVA"]
[Wed Apr 15 18:02:20.692671 2026] [proxy_fcgi:error] [pid 30499:tid 30648] [client 20.203.253.182:44178] AH01071: Got error 'Primary script unknown\n'
[Wed Apr 15 18:02:21.612581 2026] [proxy_fcgi:error] [pid 30662:tid 30737] [client 20.203.253.182:44193] AH01071: Got error 'Primary script unknown\n'
[Wed Apr 15 18:02:21.938294 2026] [security2:error] [pid 30663:tid 30746] [client 98.82.214.73:33213] ModSecurity: Access denied with code 429 (phase 2). String match "1" at TX:bot_block. [file "/etc/apache2/conf.d/imh-modsec/19_bad_bots.conf"] [line "96"] [id "13076"] [msg "BOT RATELIMITED per-bot limit: amazonbot for icmcs.org"] [hostname "icmcs.org"] [uri "/index.php/2023/04/24/how-to-find-foreign-girls-online/images/images/resource/images/images/icons/projects"] [unique_id "aeA1Hdw-ztMejiFlfgwb1gAAAcQ"]
[Wed Apr 15 18:02:22.475122 2026] [proxy_fcgi:error] [pid 30499:tid 30618] [client 20.203.253.182:32057] AH01071: Got error 'Primary script unknown\n'
[Wed Apr 15 18:02:22.649378 2026] [proxy_fcgi:error] [pid 30663:tid 30747] [client 103.30.183.162:32772] AH01071: Got error 'Primary script unknown\n'
[Wed Apr 15 18:02:22.712444 2026] [security2:error] [pid 30662:tid 30708] [client 44.208.193.63:29397] ModSecurity: Access denied with code 429 (phase 2). String match "1" at TX:bot_block. [file "/etc/apache2/conf.d/imh-modsec/19_bad_bots.conf"] [line "96"] [id "13076"] [msg "BOT RATELIMITED per-bot limit: amazonbot for verbumnetworks.net"] [hostname "verbumnetworks.net"] [uri "/index.php/chocolateshop.hakata/admin/admin/assets/icon_png/assets/img/brand/blogimage/assets/icon_png/blogimage/productimage/blogimage/productimage/productimage/assets/icon_png/admin/blogimage/web-and-software-development.php"] [unique_id "aeA1HgjIULPG3KiZraGWmQAAAQY"]
[Wed Apr 15 18:02:23.511808 2026] [:error] [pid 30499:tid 30610] [client 20.203.253.182:4466] File does not exist: /home/osogbodiocesandr/public_html/retu11.PhP7
[Wed Apr 15 18:02:23.602236 2026] [security2:error] [pid 30497:tid 30534] [client 50.16.248.61:52898] ModSecurity: Access denied with code 429 (phase 2). String match "1" at TX:bot_block. [file "/etc/apache2/conf.d/imh-modsec/19_bad_bots.conf"] [line "96"] [id "13076"] [msg "BOT RATELIMITED per-bot limit: amazonbot for dominicaninstitute.edu.ng"] [hostname "dominicaninstitute.edu.ng"] [uri "/configCRS/Jump/0-edesarpi/yorubaresources/uploads/ALFA_DATA/cgialfa/alfasymlink/alfapysymlink.txt/proc/self/cwd/proc/self/root/proc/3/task/3/cwd/lib64/gconv/IBM803.so"] [unique_id "aeA1HwGbJZ4256DZApnQJQAAAUg"]
[Wed Apr 15 18:02:24.485999 2026] [:error] [pid 30498:tid 30619] [client 20.203.253.182:16423] File does not exist: /home/osogbodiocesandr/public_html/ioxi001.PhP7
[Wed Apr 15 18:02:25.306267 2026] [proxy_fcgi:error] [pid 30498:tid 30615] [client 20.203.253.182:16431] AH01071: Got error 'Primary script unknown\n'
[Wed Apr 15 18:02:25.923115 2026] [proxy_fcgi:error] [pid 30663:tid 30753] [client 194.243.52.182:47877] AH01071: Got error 'Primary script unknown\n', referer: www.google.com
[Wed Apr 15 18:02:25.958954 2026] [security2:error] [pid 30662:tid 30696] [client 52.73.6.26:30934] ModSecurity: Access denied with code 429 (phase 2). String match "1" at TX:bot_block. [file "/etc/apache2/conf.d/imh-modsec/19_bad_bots.conf"] [line "96"] [id "13076"] [msg "BOT RATELIMITED per-bot limit: amazonbot for icmcs.org"] [hostname "icmcs.org"] [uri "/index.php/2023/02/08/russian-women-marital-relationship-how-come-many-russian-women-searching-for-a-husband-overseas/images/resource/images/resource/images/images/icons/programs"] [unique_id "aeA1IQjIULPG3KiZraGWvwAAAQA"]
[Wed Apr 15 18:02:26.247274 2026] [proxy_fcgi:error] [pid 30499:tid 30641] [client 20.203.253.182:49900] AH01071: Got error 'Primary script unknown\n'
[Wed Apr 15 18:02:26.615015 2026] [proxy_fcgi:error] [pid 30497:tid 30535] [client 194.243.52.182:46678] AH01071: Got error 'Primary script unknown\n', referer: www.google.com
[Wed Apr 15 18:02:26.694033 2026] [security2:error] [pid 30663:tid 30755] [client 44.221.105.234:14681] ModSecurity: Access denied with code 429 (phase 2). String match "1" at TX:bot_block. [file "/etc/apache2/conf.d/imh-modsec/19_bad_bots.conf"] [line "96"] [id "13076"] [msg "BOT RATELIMITED per-bot limit: amazonbot for verbumnetworks.net"] [hostname "verbumnetworks.net"] [uri "/index.php/chocolateshop.hakata/admin/admin/assets/icon_png/productimage/assets/icon_png/productimage/blogimage/assets/img/brand/productimage/productimage/admin/assets/icon_png/admin/"] [unique_id "aeA1Itw-ztMejiFlfgwb5gAAAc0"]
[Wed Apr 15 18:02:26.966453 2026] [proxy_fcgi:error] [pid 30498:tid 30634] [client 194.243.52.182:48008] AH01071: Got error 'Primary script unknown\n', referer: www.google.com
[Wed Apr 15 18:02:27.563538 2026] [security2:error] [pid 30662:tid 30730] [client 3.232.102.111:12301] ModSecurity: Access denied with code 429 (phase 2). String match "1" at TX:bot_block. [file "/etc/apache2/conf.d/imh-modsec/19_bad_bots.conf"] [line "96"] [id "13076"] [msg "BOT RATELIMITED per-bot limit: amazonbot for dominicaninstitute.edu.ng"] [hostname "dominicaninstitute.edu.ng"] [uri "/configCRS/Jump/0-edesarpi/yorubaresources/uploads/ALFA_DATA/cgialfa/alfasymlink/alfapysymlink.txt/proc/3/root/proc/self/cwd/proc/self/root/proc/self/cwd/opt/alt/python-internal/lib64/python3.11/distutils/_msvccompiler.py"] [unique_id "aeA1IwjIULPG3KiZraGW0wAAARE"]
[Wed Apr 15 18:02:28.979669 2026] [proxy_fcgi:error] [pid 30663:tid 30766] [client 103.30.183.162:32776] AH01071: Got error 'Primary script unknown\n'
[Wed Apr 15 18:02:30.031112 2026] [security2:error] [pid 30498:tid 30605] [client 52.200.251.20:13314] ModSecurity: Access denied with code 429 (phase 2). String match "1" at TX:bot_block. [file "/etc/apache2/conf.d/imh-modsec/19_bad_bots.conf"] [line "96"] [id "13076"] [msg "BOT RATELIMITED per-bot limit: amazonbot for icmcs.org"] [hostname "icmcs.org"] [uri "/index.php/2023/11/04/meet-your-soulmate-find-males-who-desire-a-relationship-in-tucson/images/resource/images/images/icons/projects"] [unique_id "aeA1JmO5uuBYcOS8ZrlmlAAAAAE"]
[Wed Apr 15 18:02:30.719119 2026] [security2:error] [pid 30663:tid 30757] [client 44.212.106.171:59492] ModSecurity: Access denied with code 429 (phase 2). String match "1" at TX:bot_block. [file "/etc/apache2/conf.d/imh-modsec/19_bad_bots.conf"] [line "96"] [id "13076"] [msg "BOT RATELIMITED per-bot limit: amazonbot for verbumnetworks.net"] [hostname "verbumnetworks.net"] [uri "/index.php/chocolateshop.hakata/admin/admin/assets/icon_png/assets/img/brand/assets/img/brand/blogimage/productimage/blogimage/blogimage/blogimage/productimage/admin/productimage/admin/product.php"] [unique_id "aeA1Jtw-ztMejiFlfgwb8QAAAc8"]
[Wed Apr 15 18:02:31.659646 2026] [security2:error] [pid 30499:tid 30630] [client 50.17.193.48:12650] ModSecurity: Access denied with code 429 (phase 2). String match "1" at TX:bot_block. [file "/etc/apache2/conf.d/imh-modsec/19_bad_bots.conf"] [line "96"] [id "13076"] [msg "BOT RATELIMITED per-bot limit: amazonbot for dominicaninstitute.edu.ng"] [hostname "dominicaninstitute.edu.ng"] [uri "/configCRS/Jump/0-edesarpi/yorubaresources/uploads/ALFA_DATA/cgialfa/alfasymlink/alfapysymlink.txt/proc/self/cwd/proc/self/root/usr/lib/python2.7/site-packages/slip/util/"] [unique_id "aeA1JwQzMRFmEWcWheQo6wAAAMw"]
[Wed Apr 15 18:02:33.961028 2026] [security2:error] [pid 30663:tid 30760] [client 54.235.125.129:16886] ModSecurity: Access denied with code 429 (phase 2). String match "1" at TX:bot_block. [file "/etc/apache2/conf.d/imh-modsec/19_bad_bots.conf"] [line "96"] [id "13076"] [msg "BOT RATELIMITED per-bot limit: amazonbot for icmcs.org"] [hostname "icmcs.org"] [uri "/index.php/2023/06/17/asialovematch-net-combines-western-chinese-singles-for-long-term-affairs/images/icons/images/icons/images/images/icons/projects"] [unique_id "aeA1Kdw-ztMejiFlfgwb8wAAAdI"]
[Wed Apr 15 18:02:34.752665 2026] [security2:error] [pid 30662:tid 30738] [client 3.232.82.72:13715] ModSecurity: Access denied with code 429 (phase 2). String match "1" at TX:bot_block. [file "/etc/apache2/conf.d/imh-modsec/19_bad_bots.conf"] [line "96"] [id "13076"] [msg "BOT RATELIMITED per-bot limit: amazonbot for verbumnetworks.net"] [hostname "verbumnetworks.net"] [uri "/index.php/chocolateshop.hakata/admin/admin/assets/icon_png/assets/icon_png/productimage/blogimage/assets/icon_png/assets/icon_png/blogimage/blogimage/admin/admin/blogs.php"] [unique_id "aeA1KgjIULPG3KiZraGXJwAAARc"]
[Wed Apr 15 18:02:35.288963 2026] [security2:error] [pid 30497:tid 30513] [remote 74.7.242.20:41186] ModSecurity: Access denied with code 429 (phase 2). String match "1" at TX:bot_block. [file "/etc/apache2/conf.d/imh-modsec/19_bad_bots.conf"] [line "96"] [id "13076"] [msg "BOT RATELIMITED per-bot limit: gptbot for www.gra-ng.com"] [hostname "www.gra-ng.com"] [uri "/_assets/948410ace0dfa9ad00627133d9ca8a23/JavaScript/Powermail/propertyimage/css/css/js/gallery/js/blogimage/blogimage/admin/propertyimage/images/slides/properties.php"] [unique_id "aeA1KwGbJZ4256DZApnQNgABQg0"], referer: https://www.gra-ng.com/_assets/948410ace0dfa9ad00627133d9ca8a23/JavaScript/Powermail/propertyimage/css/css/js/gallery/js/blogimage/blogimage/admin/propertyimage/images/slides/five.jpg
[Wed Apr 15 18:02:35.711886 2026] [security2:error] [pid 30662:tid 30705] [client 44.195.145.102:41420] ModSecurity: Access denied with code 429 (phase 2). String match "1" at TX:bot_block. [file "/etc/apache2/conf.d/imh-modsec/19_bad_bots.conf"] [line "96"] [id "13076"] [msg "BOT RATELIMITED per-bot limit: amazonbot for dominicaninstitute.edu.ng"] [hostname "dominicaninstitute.edu.ng"] [uri "/configCRS/Jump/0-edesarpi/yorubaresources/uploads/ALFA_DATA/cgialfa/alfasymlink/alfapysymlink.txt/proc/self/cwd/proc/self/root/proc/3/task/3/root/sys/module/nf_log_ipv6/"] [unique_id "aeA1KwjIULPG3KiZraGXMwAAAQQ"]
[Wed Apr 15 18:02:35.803340 2026] [proxy_fcgi:error] [pid 30663:tid 30752] [client 103.30.183.162:34830] AH01071: Got error 'Primary script unknown\n'
[Wed Apr 15 18:02:37.975394 2026] [security2:error] [pid 30662:tid 30710] [client 34.206.193.60:10900] ModSecurity: Access denied with code 429 (phase 2). String match "1" at TX:bot_block. [file "/etc/apache2/conf.d/imh-modsec/19_bad_bots.conf"] [line "96"] [id "13076"] [msg "BOT RATELIMITED per-bot limit: amazonbot for icmcs.org"] [hostname "icmcs.org"] [uri "/index.php/2023/02/11/the-challenges-of-dating-in-other-countries/images/resource/images/icons/images/images/icons/about"] [unique_id "aeA1LQjIULPG3KiZraGXTAAAAQc"]
[Wed Apr 15 18:02:38.705942 2026] [security2:error] [pid 30662:tid 30715] [client 3.93.211.16:14444] ModSecurity: Access denied with code 429 (phase 2). String match "1" at TX:bot_block. [file "/etc/apache2/conf.d/imh-modsec/19_bad_bots.conf"] [line "96"] [id "13076"] [msg "BOT RATELIMITED per-bot limit: amazonbot for verbumnetworks.net"] [hostname "verbumnetworks.net"] [uri "/index.php/chocolateshop.hakata/admin/admin/assets/icon_png/assets/icon_png/productimage/productimage/productimage/blogimage/assets/icon_png/blogimage/admin/product.php"] [unique_id "aeA1LgjIULPG3KiZraGXVQAAAQk"]
[Wed Apr 15 18:02:39.699543 2026] [security2:error] [pid 30499:tid 30606] [client 44.207.207.36:9115] ModSecurity: Access denied with code 429 (phase 2). String match "1" at TX:bot_block. [file "/etc/apache2/conf.d/imh-modsec/19_bad_bots.conf"] [line "96"] [id "13076"] [msg "BOT RATELIMITED per-bot limit: amazonbot for dominicaninstitute.edu.ng"] [hostname "dominicaninstitute.edu.ng"] [uri "/configCRS/Jump/0-edesarpi/yorubaresources/uploads/ALFA_DATA/cgialfa/alfasymlink/alfapysymlink.txt/proc/self/cwd/proc/self/root/proc/3/task/3/root/sys/module/nft_limit/"] [unique_id "aeA1LwQzMRFmEWcWheQo8QAAAMA"]
[Wed Apr 15 18:02:40.431514 2026] [proxy_fcgi:error] [pid 30662:tid 30718] [client 194.243.52.182:48254] AH01071: Got error 'Primary script unknown\n', referer: www.google.com
[Wed Apr 15 18:02:41.832073 2026] [proxy_fcgi:error] [pid 30663:tid 30761] [client 103.30.183.162:56612] AH01071: Got error 'Primary script unknown\n'
[Wed Apr 15 18:02:41.939609 2026] [security2:error] [pid 30662:tid 30699] [client 98.83.72.38:43826] ModSecurity: Access denied with code 429 (phase 2). String match "1" at TX:bot_block. [file "/etc/apache2/conf.d/imh-modsec/19_bad_bots.conf"] [line "96"] [id "13076"] [msg "BOT RATELIMITED per-bot limit: amazonbot for icmcs.org"] [hostname "icmcs.org"] [uri "/index.php/2024/01/19/finest-minimum-put-gambling-websites-in-the-usa-january-2024/images/resource/images/images/icons/images/icons/"] [unique_id "aeA1MQjIULPG3KiZraGXewAAAQE"]
[Wed Apr 15 18:02:42.740994 2026] [security2:error] [pid 30498:tid 30651] [client 3.235.215.92:26271] ModSecurity: Access denied with code 429 (phase 2). String match "1" at TX:bot_block. [file "/etc/apache2/conf.d/imh-modsec/19_bad_bots.conf"] [line "96"] [id "13076"] [msg "BOT RATELIMITED per-bot limit: amazonbot for verbumnetworks.net"] [hostname "verbumnetworks.net"] [uri "/index.php/chocolateshop.hakata/admin/assets/icon_png/assets/icon_png/assets/icon_png/blogimage/productimage/blogimage/blogimage/productimage/blogimage/admin/admin/productimage/admin/product.php"] [unique_id "aeA1MmO5uuBYcOS8ZrlmnQAAABg"]
[Wed Apr 15 18:02:43.274733 2026] [proxy_fcgi:error] [pid 30499:tid 30639] [client 194.243.52.182:48617] AH01071: Got error 'Primary script unknown\n', referer: www.google.com
[Wed Apr 15 18:02:43.807458 2026] [security2:error] [pid 30498:tid 30611] [client 98.82.214.73:15673] ModSecurity: Access denied with code 429 (phase 2). String match "1" at TX:bot_block. [file "/etc/apache2/conf.d/imh-modsec/19_bad_bots.conf"] [line "96"] [id "13076"] [msg "BOT RATELIMITED per-bot limit: amazonbot for dominicaninstitute.edu.ng"] [hostname "dominicaninstitute.edu.ng"] [uri "/configCRS/Jump/0-edesarpi/yorubaresources/uploads/ALFA_DATA/cgialfa/alfasymlink/alfapysymlink.txt/proc/self/cwd/proc/self/root/proc/3/root/lib64/python2.7/encodings/iso8859_7.py"] [unique_id "aeA1M2O5uuBYcOS8ZrlmngAAAAQ"]
[Wed Apr 15 18:02:46.007034 2026] [security2:error] [pid 30499:tid 30620] [client 3.212.86.97:17950] ModSecurity: Access denied with code 429 (phase 2). String match "1" at TX:bot_block. [file "/etc/apache2/conf.d/imh-modsec/19_bad_bots.conf"] [line "96"] [id "13076"] [msg "BOT RATELIMITED per-bot limit: amazonbot for icmcs.org"] [hostname "icmcs.org"] [uri "/index.php/2023/11/26/asahi-pentax-spotmatic-f-comment/images/resource/images/resource/images/icons/images/icons/contact"] [unique_id "aeA1NgQzMRFmEWcWheQo9gAAAMc"]
[Wed Apr 15 18:02:46.799507 2026] [security2:error] [pid 30662:tid 30728] [client 54.210.152.179:34320] ModSecurity: Access denied with code 429 (phase 2). String match "1" at TX:bot_block. [file "/etc/apache2/conf.d/imh-modsec/19_bad_bots.conf"] [line "96"] [id "13076"] [msg "BOT RATELIMITED per-bot limit: amazonbot for verbumnetworks.net"] [hostname "verbumnetworks.net"] [uri "/index.php/chocolateshop.hakata/admin/assets/icon_png/admin/productimage/productimage/admin/productimage/assets/icon_png/blogimage/assets/icon_png/blogimage/assets/icon_png/blogimage/admin/productimage/contact.php"] [unique_id "aeA1NgjIULPG3KiZraGXsgAAARA"]
[Wed Apr 15 18:02:47.527234 2026] [proxy_fcgi:error] [pid 30499:tid 30608] [client 194.243.52.182:49122] AH01071: Got error 'Primary script unknown\n', referer: www.google.com
[Wed Apr 15 18:02:47.739473 2026] [security2:error] [pid 30663:tid 30743] [client 98.82.63.147:58333] ModSecurity: Access denied with code 429 (phase 2). String match "1" at TX:bot_block. [file "/etc/apache2/conf.d/imh-modsec/19_bad_bots.conf"] [line "96"] [id "13076"] [msg "BOT RATELIMITED per-bot limit: amazonbot for dominicaninstitute.edu.ng"] [hostname "dominicaninstitute.edu.ng"] [uri "/configCRS/Jump/0-edesarpi/yorubaresources/uploads/ALFA_DATA/cgialfa/alfasymlink/alfapysymlink.txt/proc/self/cwd/proc/self/root/proc/3/task/3/root/sys/fs/cgroup/devices/"] [unique_id "aeA1N9w-ztMejiFlfgwb_wAAAcE"]
[Wed Apr 15 18:02:49.949354 2026] [security2:error] [pid 30497:tid 30526] [client 3.222.85.38:50841] ModSecurity: Access denied with code 429 (phase 2). String match "1" at TX:bot_block. [file "/etc/apache2/conf.d/imh-modsec/19_bad_bots.conf"] [line "96"] [id "13076"] [msg "BOT RATELIMITED per-bot limit: amazonbot for icmcs.org"] [hostname "icmcs.org"] [uri "/index.php/2023/05/18/the-legalities-of-online-gambling-real-money/images/images/icons/images/resource/images/icons/support"] [unique_id "aeA1OQGbJZ4256DZApnQVQAAAUA"]
[Wed Apr 15 18:02:50.297233 2026] [proxy_fcgi:error] [pid 30663:tid 30753] [client 194.243.52.182:49443] AH01071: Got error 'Primary script unknown\n', referer: www.google.com
[Wed Apr 15 18:02:50.839433 2026] [security2:error] [pid 30499:tid 30610] [client 23.22.59.87:13047] ModSecurity: Access denied with code 429 (phase 2). String match "1" at TX:bot_block. [file "/etc/apache2/conf.d/imh-modsec/19_bad_bots.conf"] [line "96"] [id "13076"] [msg "BOT RATELIMITED per-bot limit: amazonbot for verbumnetworks.net"] [hostname "verbumnetworks.net"] [uri "/index.php/chocolateshop.hakata/admin/admin/assets/icon_png/productimage/blogimage/productimage/assets/icon_png/productimage/blogimage/blogimage/productimage/blogimage/admin/assets/icon_png/assets/icon_png/cctv-surveillance-intercom.php"] [unique_id "aeA1OgQzMRFmEWcWheQo-wAAAMI"]
[Wed Apr 15 18:02:51.012363 2026] [proxy_fcgi:error] [pid 30497:tid 30546] [client 194.243.52.182:49518] AH01071: Got error 'Primary script unknown\n', referer: www.google.com
[Wed Apr 15 18:02:51.733078 2026] [proxy_fcgi:error] [pid 30662:tid 30696] [client 194.243.52.182:49613] AH01071: Got error 'Primary script unknown\n', referer: www.google.com
[Wed Apr 15 18:02:51.810147 2026] [security2:error] [pid 30499:tid 30641] [client 52.204.81.148:17432] ModSecurity: Access denied with code 429 (phase 2). String match "1" at TX:bot_block. [file "/etc/apache2/conf.d/imh-modsec/19_bad_bots.conf"] [line "96"] [id "13076"] [msg "BOT RATELIMITED per-bot limit: amazonbot for dominicaninstitute.edu.ng"] [hostname "dominicaninstitute.edu.ng"] [uri "/configCRS/Jump/0-edesarpi/yorubaresources/uploads/ALFA_DATA/cgialfa/alfasymlink/alfapysymlink.txt/proc/self/cwd/proc/self/root/proc/3/root/lib64/python2.7/encodings/gb18030.py"] [unique_id "aeA1OwQzMRFmEWcWheQo_QAAANI"]
[Wed Apr 15 18:02:52.448357 2026] [proxy_fcgi:error] [pid 30662:tid 30720] [client 194.243.52.182:49701] AH01071: Got error 'Primary script unknown\n', referer: www.google.com
[Wed Apr 15 18:02:53.170733 2026] [proxy_fcgi:error] [pid 30499:tid 30643] [client 194.243.52.182:49790] AH01071: Got error 'Primary script unknown\n', referer: www.google.com
[Wed Apr 15 18:02:53.889450 2026] [proxy_fcgi:error] [pid 30662:tid 30703] [client 194.243.52.182:49880] AH01071: Got error 'Primary script unknown\n', referer: www.google.com
[Wed Apr 15 18:02:54.009447 2026] [security2:error] [pid 30498:tid 30645] [client 18.211.39.188:42164] ModSecurity: Access denied with code 429 (phase 2). String match "1" at TX:bot_block. [file "/etc/apache2/conf.d/imh-modsec/19_bad_bots.conf"] [line "96"] [id "13076"] [msg "BOT RATELIMITED per-bot limit: amazonbot for icmcs.org"] [hostname "icmcs.org"] [uri "/index.php/2022/11/13/zada-funds-progress-billease-cash-loan-app-application-review/images/resource/images/resource/images/icons/projects"] [unique_id "aeA1PmO5uuBYcOS8ZrlmrAAAABU"]
[Wed Apr 15 18:02:54.561459 2026] [proxy_fcgi:error] [pid 30498:tid 30605] [client 194.243.52.182:49970] AH01071: Got error 'Primary script unknown\n', referer: www.google.com
[Wed Apr 15 18:02:54.884867 2026] [security2:error] [pid 30663:tid 30760] [client 52.5.242.243:5793] ModSecurity: Access denied with code 429 (phase 2). String match "1" at TX:bot_block. [file "/etc/apache2/conf.d/imh-modsec/19_bad_bots.conf"] [line "96"] [id "13076"] [msg "BOT RATELIMITED per-bot limit: amazonbot for verbumnetworks.net"] [hostname "verbumnetworks.net"] [uri "/index.php/chocolateshop.hakata/admin/admin/productimage/productimage/blogimage/assets/icon_png/productimage/assets/icon_png/admin/productimage/blogimage/assets/icon_png/assets/img/brand/blogpost.php"] [unique_id "aeA1Ptw-ztMejiFlfgwcCQAAAdI"]
[Wed Apr 15 18:02:55.220427 2026] [proxy_fcgi:error] [pid 30498:tid 30609] [client 194.243.52.182:50048] AH01071: Got error 'Primary script unknown\n', referer: www.google.com
[Wed Apr 15 18:02:55.803317 2026] [security2:error] [pid 30663:tid 30764] [client 35.173.38.202:62291] ModSecurity: Access denied with code 429 (phase 2). String match "1" at TX:bot_block. [file "/etc/apache2/conf.d/imh-modsec/19_bad_bots.conf"] [line "96"] [id "13076"] [msg "BOT RATELIMITED per-bot limit: amazonbot for dominicaninstitute.edu.ng"] [hostname "dominicaninstitute.edu.ng"] [uri "/configCRS/Jump/0-edesarpi/yorubaresources/uploads/ALFA_DATA/cgialfa/alfasymlink/alfapysymlink.txt/proc/self/cwd/proc/self/root/proc/3/root/lib64/python2.7/encodings/cp869.py"] [unique_id "aeA1P9w-ztMejiFlfgwcCwAAAdY"]
[Wed Apr 15 18:02:55.890362 2026] [proxy_fcgi:error] [pid 30662:tid 30722] [client 194.243.52.182:50121] AH01071: Got error 'Primary script unknown\n', referer: www.google.com
[Wed Apr 15 18:02:56.581105 2026] [proxy_fcgi:error] [pid 30662:tid 30738] [client 194.243.52.182:50199] AH01071: Got error 'Primary script unknown\n', referer: www.google.com
[Wed Apr 15 18:02:56.738422 2026] [proxy_fcgi:error] [pid 30497:tid 30532] [client 103.30.183.162:55556] AH01071: Got error 'Primary script unknown\n'
[Wed Apr 15 18:02:57.294363 2026] [proxy_fcgi:error] [pid 30663:tid 30765] [client 194.243.52.182:50284] AH01071: Got error 'Primary script unknown\n', referer: www.google.com
[Wed Apr 15 18:02:57.987225 2026] [proxy_fcgi:error] [pid 30499:tid 30652] [client 194.243.52.182:50370] AH01071: Got error 'Primary script unknown\n', referer: www.google.com
[Wed Apr 15 18:02:58.015093 2026] [security2:error] [pid 30662:tid 30705] [client 100.29.160.53:13651] ModSecurity: Access denied with code 429 (phase 2). String match "1" at TX:bot_block. [file "/etc/apache2/conf.d/imh-modsec/19_bad_bots.conf"] [line "96"] [id "13076"] [msg "BOT RATELIMITED per-bot limit: amazonbot for icmcs.org"] [hostname "icmcs.org"] [uri "/index.php/2023/12/19/china-puzzle-online-position/images/images/icons/images/icons/images/icons/"] [unique_id "aeA1QgjIULPG3KiZraGYPgAAAQQ"]
[Wed Apr 15 18:02:58.688890 2026] [proxy_fcgi:error] [pid 30499:tid 30612] [client 194.243.52.182:50452] AH01071: Got error 'Primary script unknown\n', referer: www.google.com
[Wed Apr 15 18:02:58.689199 2026] [security2:error] [pid 30497:tid 30537] [client 52.3.127.170:33987] ModSecurity: Access denied with code 429 (phase 2). String match "1" at TX:bot_block. [file "/etc/apache2/conf.d/imh-modsec/19_bad_bots.conf"] [line "96"] [id "13076"] [msg "BOT RATELIMITED per-bot limit: amazonbot for verbumnetworks.net"] [hostname "verbumnetworks.net"] [uri "/index.php/chocolateshop.hakata/admin/admin/assets/icon_png/assets/icon_png/assets/img/brand/assets/icon_png/blogimage/productimage/productimage/admin/blogimage/productimage/blogimage/cctv-surveillance-intercom.php"] [unique_id "aeA1QgGbJZ4256DZApnQYAAAAUs"]
[Wed Apr 15 18:02:59.379585 2026] [proxy_fcgi:error] [pid 30662:tid 30710] [client 194.243.52.182:50538] AH01071: Got error 'Primary script unknown\n', referer: www.google.com
[Wed Apr 15 18:02:59.613597 2026] [security2:error] [pid 30663:tid 30748] [client 52.202.52.82:11867] ModSecurity: Access denied with code 429 (phase 2). String match "1" at TX:bot_block. [file "/etc/apache2/conf.d/imh-modsec/19_bad_bots.conf"] [line "96"] [id "13076"] [msg "BOT RATELIMITED per-bot limit: amazonbot for dominicaninstitute.edu.ng"] [hostname "dominicaninstitute.edu.ng"] [uri "/configCRS/Jump/0-edesarpi/yorubaresources/uploads/ALFA_DATA/cgialfa/alfasymlink/alfapysymlink.txt/proc/3/root/proc/self/root/proc/2/task/2/root/var/lib/stateless/"] [unique_id "aeA1Q9w-ztMejiFlfgwcDQAAAcY"]
[Wed Apr 15 18:03:00.083304 2026] [proxy_fcgi:error] [pid 30662:tid 30715] [client 194.243.52.182:50621] AH01071: Got error 'Primary script unknown\n', referer: www.google.com
[Wed Apr 15 18:03:00.165714 2026] [proxy_fcgi:error] [pid 30498:tid 30625] [client 66.249.64.228:60511] AH01071: Got error 'Primary script unknown\n'
[Wed Apr 15 18:03:01.512731 2026] [proxy_fcgi:error] [pid 30497:tid 30550] [client 194.243.52.182:50799] AH01071: Got error 'Primary script unknown\n', referer: www.google.com
[Wed Apr 15 18:03:01.932409 2026] [security2:error] [pid 30499:tid 30633] [client 3.90.73.206:20104] ModSecurity: Access denied with code 429 (phase 2). String match "1" at TX:bot_block. [file "/etc/apache2/conf.d/imh-modsec/19_bad_bots.conf"] [line "96"] [id "13076"] [msg "BOT RATELIMITED per-bot limit: amazonbot for icmcs.org"] [hostname "icmcs.org"] [uri "/index.php/2023/12/22/da-vinci-expensive-diamonds-play-for-free-a-real-income-provide-2023/images/resource/images/icons/images/icons/images/icons/projects"] [unique_id "aeA1RQQzMRFmEWcWheQpCgAAAM4"]
[Wed Apr 15 18:03:02.238381 2026] [proxy_fcgi:error] [pid 30497:tid 30545] [client 194.243.52.182:50880] AH01071: Got error 'Primary script unknown\n', referer: www.google.com
[Wed Apr 15 18:03:02.885266 2026] [proxy_fcgi:error] [pid 30662:tid 30699] [client 103.30.183.162:35720] AH01071: Got error 'Primary script unknown\n'
[Wed Apr 15 18:03:02.897170 2026] [security2:error] [pid 30662:tid 30712] [client 54.91.122.193:6979] ModSecurity: Access denied with code 429 (phase 2). String match "1" at TX:bot_block. [file "/etc/apache2/conf.d/imh-modsec/19_bad_bots.conf"] [line "96"] [id "13076"] [msg "BOT RATELIMITED per-bot limit: amazonbot for verbumnetworks.net"] [hostname "verbumnetworks.net"] [uri "/index.php/chocolateshop.hakata/admin/admin/assets/icon_png/productimage/blogimage/blogimage/blogimage/assets/icon_png/blogimage/assets/icon_png/productimage/assets/icon_png/admin/trainings.php"] [unique_id "aeA1RgjIULPG3KiZraGYdwAAAQg"]
[Wed Apr 15 18:03:02.960632 2026] [proxy_fcgi:error] [pid 30499:tid 30639] [client 194.243.52.182:50953] AH01071: Got error 'Primary script unknown\n', referer: www.google.com
[Wed Apr 15 18:03:03.675622 2026] [proxy_fcgi:error] [pid 30499:tid 30628] [client 194.243.52.182:51024] AH01071: Got error 'Primary script unknown\n', referer: www.google.com
[Wed Apr 15 18:03:03.704492 2026] [security2:error] [pid 30663:tid 30742] [client 52.1.157.90:55436] ModSecurity: Access denied with code 429 (phase 2). String match "1" at TX:bot_block. [file "/etc/apache2/conf.d/imh-modsec/19_bad_bots.conf"] [line "96"] [id "13076"] [msg "BOT RATELIMITED per-bot limit: amazonbot for dominicaninstitute.edu.ng"] [hostname "dominicaninstitute.edu.ng"] [uri "/configCRS/Jump/0-edesarpi/yorubaresources/uploads/ALFA_DATA/alfasymlink/root/proc/self/cwd/proc/3/root/sys/devices/virtual/net/venet0/subsystem/lo/subsystem/"] [unique_id "aeA1R9w-ztMejiFlfgwcEAAAAcA"]
[Wed Apr 15 18:03:04.338964 2026] [proxy_fcgi:error] [pid 30662:tid 30734] [client 194.243.52.182:51100] AH01071: Got error 'Primary script unknown\n', referer: www.google.com
[Wed Apr 15 18:03:05.342065 2026] [mpm_worker:notice] [pid 5946:tid 5946] AH00297: SIGUSR1 received. Doing graceful restart
[Wed Apr 15 18:03:05.432439 2026] [ssl:warn] [pid 5946:tid 5946] AH01909: sistersofstlouis.stlouissisters.org.ng:443:0 server certificate does NOT include an ID which matches the server name
[Wed Apr 15 18:03:05.453853 2026] [http2:info] [pid 5946:tid 5946] AH03090: mod_http2 (v2.0.37, feats=CHPRIO+SHA256+INVHD+DWINS, nghttp2 1.68.1), initializing...
[Wed Apr 15 18:03:05.454318 2026] [mpm_worker:notice] [pid 5946:tid 5946] AH00292: Apache/2.4.66 (cPanel) OpenSSL/1.1.1w mod_bwlimited/1.4 configured -- resuming normal operations
[Wed Apr 15 18:03:05.454325 2026] [core:notice] [pid 5946:tid 5946] AH00094: Command line: '/usr/sbin/httpd'
[Wed Apr 15 18:03:05.507824 2026] [http2:info] [pid 5394:tid 5394] h2_workers: created with min=25 max=37 idle_ms=600000
[Wed Apr 15 18:03:05.511973 2026] [http2:info] [pid 5395:tid 5395] h2_workers: created with min=25 max=37 idle_ms=600000
[Wed Apr 15 18:03:05.512620 2026] [http2:info] [pid 5396:tid 5396] h2_workers: created with min=25 max=37 idle_ms=600000
[Wed Apr 15 18:03:05.513580 2026] [http2:info] [pid 5397:tid 5397] h2_workers: created with min=25 max=37 idle_ms=600000
[Wed Apr 15 18:03:05.514273 2026] [http2:info] [pid 5398:tid 5398] h2_workers: created with min=25 max=37 idle_ms=600000
[Wed Apr 15 18:03:06.028126 2026] [security2:error] [pid 5396:tid 5538] [client 18.214.186.220:31049] ModSecurity: Access denied with code 429 (phase 2). String match "1" at TX:bot_block. [file "/etc/apache2/conf.d/imh-modsec/19_bad_bots.conf"] [line "96"] [id "13076"] [msg "BOT RATELIMITED per-bot limit: amazonbot for icmcs.org"] [hostname "icmcs.org"] [uri "/index.php/2023/01/07/acquire-a-bride-via-the-internet/images/icons/images/icons/images/icons/images/icons/programs"] [unique_id "aeA1Sn2S03DDlSiAR0MTrQAAAMk"]
[Wed Apr 15 18:03:06.566496 2026] [proxy_fcgi:error] [pid 5398:tid 5619] [client 194.243.52.182:51301] AH01071: Got error 'Primary script unknown\n', referer: www.google.com
